) = w**3 + 36*w**2 + 241*w + 47. What is y(-28)?
-429
Let t(h) = -78*h - 1317. Give t(-9).
-615
Let y(n) = n**3 - 28*n**2 - n - 1292. What is y(29)?
-480
Let y(v) = 2*v**3 + 493*v**2 + 25429*v - 34227. Calculate y(-172).
1
Let s(a) = 30092*a - 270814. Give s(9).
14
Let q(b) = 7*b**2 - 1741*b - 273890. Give q(358).
-20
Let o(h) = 17421*h - 2107931. Give o(121).
10
Let v(l) = -58*l - 914. Determine v(-17).
72
Let b(f) = f**3 - 11*f**2 - 982*f + 62. Give b(37).
-678
Let c(p) = -p**3 - 89*p**2 - 245*p - 187. Give c(-86).
-1305
Let t(v) = 252*v**2 + 41090*v + 2283. Determine t(-163).
1
Let q(y) = -8*y**2 - 997*y + 5146. Give q(5).
-39
Let t(s) = 4*s**2 + 67*s - 2549. Determine t(20).
391
Let k(p) = 251*p**2 + 9418*p + 4844. Give k(-37).
-3
Let i(y) = y**3 + 70*y**2 - 977*y - 71. What is i(-82)?
-645
Let b(i) = -87*i**2 + 1025*i + 242. Give b(12).
14
Let h(v) = 14919*v - 283180. Give h(19).
281
Let r(m) = -28*m**2 + 4199*m + 371. Calculate r(150).
221
Let h(q) = -2*q**2 - 18871*q + 302450. Calculate h(16).
2
Let j(i) = 5*i**3 + 495*i**2 - 16*i - 1488. What is j(-99)?
96
Let w(f) = 1304*f - 831958. Calculate w(638).
-6
Let i(g) = 11*g**2 - 231*g + 650. What is i(3)?
56
Let g(b) = -2*b**3 + 12*b**2 + 735*b - 5669. Give g(8).
-45
Let j(r) = 19470*r - 467524. Determine j(24).
-244
Let l(x) = 22445*x + 202008. Give l(-9).
3
Let j(w) = 14364*w - 43080. Give j(3).
12
Let y(x) = 93*x**3 - 5*x**2 - x + 2. Determine y(-1).
-95
Let c(d) = 48*d**3 + 7871*d**2 - 163*d + 156. What is c(-164)?
-8
Let q(l) = -101*l + 5205. Determine q(52).
-47
Let c(g) = g**2 - 251*g - 12319. Determine c(-42).
-13
Let g(z) = -z**3 + 50*z**2 + 380*z - 11698. What is g(53)?
15
Let u(i) = -i**2 + 1846*i - 223119. Determine u(130).
-39
Let v(u) = 3*u**3 - 22*u**2 - 45*u + 22. Calculate v(10).
372
Let b(x) = x**3 - 83*x**2 + 1489*x + 1315. Calculate b(56).
27
Let w(m) = 18*m**2 + 2479*m - 13588. Calculate w(-143).
-3
Let d(j) = -2*j**2 - 132*j - 929. What is d(-59)?
-103
Let v(j) = j**3 - 36*j**2 - 126*j + 1483. Give v(38).
-417
Let l(u) = 3*u**3 + 22*u**2 + 662*u + 4584. Determine l(-7).
-1
Let g(y) = -158*y**2 - 44287*y - 13153. What is g(-280)?
7
Let a(g) = 2*g**2 + 488*g - 16159. Determine a(-274).
281
Let l(g) = 7*g**3 - 2*g**2 - 4738*g + 3. Determine l(0).
3
Let v(j) = 5*j**3 - 22*j**2 - 136*j + 430. Determine v(7).
115
Let m(w) = -4*w**3 - 1358*w**2 + 8986*w - 3452. What is m(-346)?
8
Let r(o) = 4377*o - 652177. Calculate r(149).
-4
Let z(h) = -57107*h + 513956. Determine z(9).
-7
Let f(l) = -3524*l + 1786729. What is f(507)?
61
Let j(k) = -2*k**2 + 495*k + 4273. Give j(-8).
185
Let a(i) = -84*i + 18825. What is a(224)?
9
Let f(p) = -1560*p + 9316. Give f(6).
-44
Let m(v) = -58*v**3 + 583*v**2 - 20*v + 40. What is m(10)?
140
Let x(m) = -m**2 - 472*m - 35055. Determine x(-91).
-384
Let d(w) = -34*w**2 + 427*w - 4418. Calculate d(10).
-3548
Let y(n) = -589*n + 7080. Determine y(12).
12
Let d(n) = -11761*n + 58861. Calculate d(5).
56
Let m(v) = 11*v**3 + 2*v**2 + 58*v - 411. What is m(5)?
1304
Let p(h) = -h**3 + 30*h**2 - 9433*h + 282971. What is p(30)?
-19
Let o(m) = -3*m**2 + 391*m + 99. Give o(1).
487
Let b(m) = 58*m**3 - 111*m**2 + 8*m - 34. What is b(2)?
2
Let m(s) = -2*s**2 - 423*s + 3065. Calculate m(7).
6
Let y(g) = -3*g**3 - 6463*g**2 - 1965*g + 407114. Determine y(-2154).
8
Let n(d) = d**2 + 46470*d + 16462346. Give n(-357).
5
Let s(b) = 3846*b - 41379. What is s(11)?
927
Let f(d) = 3*d + 3881. Determine f(239).
4598
Let y(g) = -44561*g + 311939. Determine y(7).
12
Let d(k) = -k**2 - 444*k - 1769. Determine d(-4).
-9
Let y(g) = -1837*g + 22231. Determine y(12).
187
Let l(y) = -y**3 - 47*y**2 + 1920*y - 590. Calculate l(26).
-18
Let o(a) = -a**3 + 11*a**2 + 47*a - 151. Determine o(14).
-81
Let r(u) = 3547*u + 39020. Determine r(-11).
3
Let s(p) = -11*p**3 + 16*p**2 - 66*p + 41. What is s(4)?
-671
Let c(w) = w**3 - 20*w**2 + 16*w - 4. Determine c(9).
-751
Let o(b) = -3*b**2 + 834*b + 1364. Calculate o(278).
1364
Let b(j) = 2*j**3 + 214*j**2 + 321*j - 11065. What is b(-105)?
-670
Let y(a) = -a**2 + 126*a + 33241. What is y(-130)?
-39
Let a(i) = 148*i**2 + 11251*i + 125. Give a(-76).
-103
Let k(v) = -924*v + 201442. Calculate k(218).
10
Let q(a) = 146*a**3 - 4*a**2 + 71*a + 67. Calculate q(-1).
-154
Let f(j) = -15*j**2 - 6149*j - 18440. Determine f(-3).
-128
Let q(z) = 39*z**2 + 10547*z + 4371. Give q(-270).
-219
Let w(q) = -19095*q - 1489445. What is w(-78)?
-35
Let z(j) = 100906*j - 1412676. What is z(14)?
8
Let r(g) = 86*g - 3084. What is r(24)?
-1020
Let o(i) = i**2 + 277*i + 19236. Calculate o(-164).
704
Let v(r) = -r**2 - 3921*r - 633264. What is v(-169)?
824
Let l(p) = -p**3 - 90*p**2 - 511*p + 28. Give l(-84).
616
Let n(z) = 2*z**2 + 6184*z - 717739. Determine n(112).
-43
Let g(v) = -19*v**2 + 4463*v + 27578. Determine g(-6).
116
Let k(d) = 9*d**3 + 7*d**2 + 14*d - 20. Give k(5).
1350
Let g(j) = -2*j**2 + 16*j - 197. Give g(12).
-293
Let t(b) = b**3 + b**2 + 7*b + 35. Calculate t(-2).
17
Let v(c) = 96*c + 7020. Calculate v(-68).
492
Let d(m) = -23855*m + 405496. Give d(17).
-39
Let t(b) = -b**3 + 320*b**2 - 17682*b + 1301. Give t(249).
554
Let q(i) = -2327*i - 156163. Determine q(-67).
-254
Let o(s) = -110303*s - 22722418. What is o(-206)?
0
Let d(t) = 39*t + 1321. Give d(-72).
-1487
Let a(p) = -p**3 + 16*p**2 + 399*p + 168. Determine a(28).
1932
Let j(o) = -93*o**2 + 7346*o - 29411. Determine j(4).
-1515
Let t(u) = 2*u**2 - 149411*u - 597651. Calculate t(-4).
25
Let p(h) = -4*h**2 + 60*h + 204. What is p(21)?
-300
Let b(h) = -821*h - 9083. Determine b(-11).
-52
Let l(k) = k**3 + 98*k**2 + 1175*k - 518. What is l(-85)?
-6468
Let x(l) = -8133*l - 658789. Calculate x(-81).
-16
Let j(z) = -117*z**2 + 5847*z + 150. What is j(50)?
0
Let t(p) = p**2 - 6997*p + 2669746. Determine t(405).
-14
Let t(q) = -25915*q + 181337. Determine t(7).
-68
Let n(q) = -6097*q + 1329168. What is n(218)?
22
Let x(r) = 444*r + 56127. Determine x(-129).
-1149
Let l(x) = 16*x**2 - 2599*x + 138. What is l(163)?
1605
Let m(g) = -2*g**2 + 7394*g - 642173. Give m(89).
51
Let d(c) = 118*c - 21420. Determine d(184).
292
Let n(b) = -1508*b**2 + 1019*b - 1018. What is n(1)?
-1507
Let k(r) = 1378*r + 119011. Calculate k(-88).
-2253
Let n(o) = -32*o**2 - 2175*o - 137. Give n(-68).
-205
Let b(n) = -155*n**3 - 155*n**2 + 9*n - 12. Determine b(1).
-313
Let p(m) = 109*m**2 + 13*m - 21. Calculate p(2).
441
Let t(v) = 13*v**3 - 104*v**2 + 25884*v - 207052. What is t(8)?
20
Let k(p) = -30*p**3 - 426*p**2 - 1108*p - 576. What is k(-11)?
-4
Let q(h) = 9*h**3 - 254*h**2 - 270*h + 524. Give q(1).
9
Let r(k) = -273348*k - 4373609. What is r(-16)?
-41
Let v(x) = 38*x**3 - 18*x**2 + x + 2. Calculate v(0).
2
Let f(a) = -2918*a + 1003813. Calculate f(344).
21
Let p(m) = 7*m**2 - 925*m + 3256. Determine p(127).
-1316
Let p(b) = 720*b + 3302. Give p(-4).
422
Let x(r) = -3164*r - 620096. Calculate x(-196).
48
Let t(j) = -j**3 - 18*j**2 - 41*j - 174. What is t(-13)?
-486
Let w(j) = 9788*j + 58901. What is w(-6)?
173
Let o(r) = r**3 - 24*r**2 - 2167*r - 349. Give o(60).
-769
Let s(g) = -g**3 + 10*g**2 + 163*g - 1643. Give s(10).
-13
Let p(v) = v**3 - 65*v**2 + 1042*v - 3. What is p(30)?
-243
Let g(o) = o**2 + 571*o + 12348. Calculate g(-22).
270
Let i(n) = -542*n**2 - 13550*n - 1. Give i(-25).
-1
Let b(d) = 3*d**3 - 685*d**2 - 3265*d + 544. Give b(233).
-155
Let q(j) = 387*j**2 + 6164*j + 5392. Calculate q(-15).
7
Let t(v) = -4*v**2 + 25089*v + 50196. Give t(-2).
2
Let v(k) = -k**3 - 38*k**2 + 1644*k - 1303. Calculate v(-64).
-23
Let g(a) = -a**3 + 295*a**2 - 9980*a - 1053. Determine g(256).
-29
Let l(v) = 3*v**3 + 197*v**2 - 297*v - 27758. What is l(-65)?
-3
Let t(l) = 64*l + 1265. What is t(-33)?
-847
Let r(n) = -n**2 - 369*n - 31891. Give r(-160).
1549
Let g(k) = -7*k**3 + 2245*k**2 + 61238*k + 1384. What is g(346)?
0
Let p(o) = -1001*o - 35422. What is p(-38)?
2616
Let n(g) = 3*g**2 - 3963*g + 100992. Determine n(26).
-18
Let v(a) = -2135*a - 380568. Determine v(-178).
-538
Let u(d) = -2*d**3 + 15*d**2 + 428*d - 3469. Determine u(8).
-109
Let j(d) = 3*d**3 - 4*d**2 + 22*d - 62. Calculate j(3).
49
Let t(l) = -1275*l + 98271. Calculate t(77).
96
Let t(p) = -4*p**2 - 25*p + 379. What is t(8)?
-77
Let i(s) = -4296*s - 2062